{"id":53,"date":"2022-04-12T15:09:03","date_gmt":"2022-04-12T18:09:03","guid":{"rendered":"https:\/\/flagsmind.com\/csbandeira\/?post_type=product&#038;p=53"},"modified":"2024-08-09T13:01:28","modified_gmt":"2024-08-09T16:01:28","slug":"kit-4-cameras-hd-alarme","status":"publish","type":"product","link":"https:\/\/flagsmind.com\/csbandeira\/index.php\/produto\/kit-4-cameras-hd-alarme\/","title":{"rendered":"Kit 4 c\u00e2meras HD + Alarme"},"content":{"rendered":"<p>Sistema de seguran\u00e7a de v\u00eddeo completo + sistema de alarme com quatro c\u00e2meras de alta defini\u00e7\u00e3o, gravador DVR digital, Hard Disk de alta performance, central de alarme, 10 sensores sem fio, sirene, bateria e instala\u00e7\u00e3o completa.<\/p>\n<p>Indica\u00e7\u00f5es deste pacote de instala\u00e7\u00e3o<br \/>\nLocal indicado: Casas e pequenos com\u00e9rcios;<br \/>\nTipo de cliente: Econ\u00f4mico, que necessita de controle por imagens e alarme anti-arrombamento;<\/p>\n<p>Descri\u00e7\u00e3o detalhada da parte de imagens, com 4 c\u00e2meras HD<\/p>\n<p>Este pacote de instala\u00e7\u00e3o de c\u00e2meras de seguran\u00e7a \u00e9 indicado para pessoas que n\u00e3o tem afinidade com detalhes t\u00e9cnicos relacionados a resolu\u00e7\u00e3o de imagens e sistemas integrados de seguran\u00e7a.<br \/>\nPossui alta qualidade de imagem e grande espa\u00e7o de grava\u00e7\u00e3o. N\u00e3o \u00e9 necess\u00e1rio conhecimento t\u00e9cnico para operar o sistema, o que atrai a maior parte dos clientes que buscam monitoramento de v\u00eddeo e n\u00e3o querem ou n\u00e3o t\u00eam tempo para disponibilizar com o sistema de grava\u00e7\u00e3o.<br \/>\nSuficiente para cobrir um terreno at\u00e9 cerca de 500m\u00b2 com uma casa dentro. Toda a instala\u00e7\u00e3o \u00e9 feita por cabos coaxiais de alta qualidade, homologados pela Anatel. Este sistema n\u00e3o tem c\u00e2meras <em>wi-fi<\/em> [sem fio]. Isto deixa sua rede de <em>internet<\/em> livre para a utiliza\u00e7\u00e3o do que mais importa.<br \/>\nO sistema pode ser acessado de qualquer celular, <em>tablet<\/em> ou computador com <em>internet<\/em>.<\/p>\n<p>Descri\u00e7\u00e3o detalhada da parte de alarme, com 10 sensores anti-arrombamento<\/p>\n<p>Este kit de alarme \u00e9 composto por uma central que comanda o sistema, sirene de alta performance e bateria de 12v com excelente dura\u00e7\u00e3o para evitar quedas de energia. Mesmo que a energia el\u00e9trica seja cortada, o alarme continuar\u00e1 funcionando!<br \/>\nTodo o sistema pode ser controlado pelo celular, inclusive ativar\/desativar sirene, pontos de luz e a opera\u00e7\u00e3o completa.<\/p>\n<p>Itens que comp\u00f5e este pacote<\/p>\n<ul>\n<li>Gravador digital DVR de alta resolu\u00e7\u00e3o 720p, 1080i;<\/li>\n<li>4 c\u00e2meras HD 720p;<\/li>\n<li>HD Western Digital WD Purple com 1Tb <em>[1.000 Gigabytes]<\/em>;<\/li>\n<li>200m de cabo coaxial Megatron &#8211; Anatel;<\/li>\n<li>Kit conectores;<\/li>\n<li>Central de alarme Intelbras Net;<\/li>\n<li>10 sensores sem fio Smart;<\/li>\n<li>Cabo para sirene;<\/li>\n<li>Bateria reserva 12v;<\/li>\n<li>2 controles;<\/li>\n<li>Instala\u00e7\u00e3o completa;<\/li>\n<li>Treinamento inicial de opera\u00e7\u00e3o do sistema.<\/li>\n<\/ul>\n<p>Palavras-chave para resumo deste pacote de instala\u00e7\u00e3o:<\/p>\n<p>Economia, seguran\u00e7a, imagens em HD [alta defini\u00e7\u00e3o], facilidade de opera\u00e7\u00e3o, excelente custo-benef\u00edcio, alarme central, sensores smart sem fio, luz autom\u00e1tica, bateria reserva.<\/p>\n","protected":false},"excerpt":{"rendered":"<p>Sistema de seguran\u00e7a de v\u00eddeo completo com quatro c\u00e2meras de alta defini\u00e7\u00e3o, gravador DVR digital, Hard Disk de alta performance espec\u00edfico para grava\u00e7\u00e3o de v\u00eddeo e instala\u00e7\u00e3o completa.<\/p>\n","protected":false},"featured_media":54,"comment_status":"open","ping_status":"closed","template":"","meta":{"om_disable_all_campaigns":false,"_mi_skip_tracking":false},"product_cat":[32],"product_tag":[35,38,40,37,39,43,36,42,41],"aioseo_notices":[],"_links":{"self":[{"href":"https:\/\/flagsmind.com\/csbandeira\/index.php\/wp-json\/wp\/v2\/product\/53"}],"collection":[{"href":"https:\/\/flagsmind.com\/csbandeira\/index.php\/wp-json\/wp\/v2\/product"}],"about":[{"href":"https:\/\/flagsmind.com\/csbandeira\/index.php\/wp-json\/wp\/v2\/types\/product"}],"replies":[{"embeddable":true,"href":"https:\/\/flagsmind.com\/csbandeira\/index.php\/wp-json\/wp\/v2\/comments?post=53"}],"wp:featuredmedia":[{"embeddable":true,"href":"https:\/\/flagsmind.com\/csbandeira\/index.php\/wp-json\/wp\/v2\/media\/54"}],"wp:attachment":[{"href":"https:\/\/flagsmind.com\/csbandeira\/index.php\/wp-json\/wp\/v2\/media?parent=53"}],"wp:term":[{"taxonomy":"product_cat","embeddable":true,"href":"https:\/\/flagsmind.com\/csbandeira\/index.php\/wp-json\/wp\/v2\/product_cat?post=53"},{"taxonomy":"product_tag","embeddable":true,"href":"https:\/\/flagsmind.com\/csbandeira\/index.php\/wp-json\/wp\/v2\/product_tag?post=53"}],"curies":[{"name":"wp","href":"https:\/\/api.w.org\/{rel}","templated":true}]}}