{"id":2,"date":"2022-04-12T11:29:55","date_gmt":"2022-04-12T14:29:55","guid":{"rendered":"https:\/\/flagsmind.com\/csbandeira\/?page_id=2"},"modified":"2022-04-18T16:46:01","modified_gmt":"2022-04-18T19:46:01","slug":"quem-somos","status":"publish","type":"page","link":"https:\/\/flagsmind.com\/csbandeira\/index.php\/quem-somos\/","title":{"rendered":"Quem Somos"},"content":{"rendered":"\n<p>A C.S. Bandeira \u00e9 uma empresa de venda e instala\u00e7\u00e3o de c\u00e2meras de seguran\u00e7a e alarmes. Nosso foco \u00e9 simplificar ao m\u00e1ximo a rela\u00e7\u00e3o entre nossos clientes e as c\u00e2meras de seguran\u00e7a. Desta forma, eles podem n\u00e3o somente ter as imagens mas tamb\u00e9m saber como us\u00e1-las da melhor forma para aproveitar todo o potencial de um sistema de seguran\u00e7a por grava\u00e7\u00e3o de v\u00eddeo.<\/p>\n\n\n\n<blockquote class=\"wp-block-quote\"><p>&#8220;Um sistema de seguran\u00e7a por c\u00e2meras n\u00e3o precisa ser caro. S\u00f3 precisa ser bem planejado.&#8221;<\/p><\/blockquote>\n\n\n\n<p>A grande diferen\u00e7a de nossos pre\u00e7os est\u00e3o em dois pontos-chave: A instala\u00e7\u00e3o pr\u00f3pria e o planejamento de acordo com cada cliente. De nada adianta ter um or\u00e7amento pronto e envi\u00e1-lo para todos os interessados em adquirir um pacote de instala\u00e7\u00e3o. \u00c9 preciso estudar a situa\u00e7\u00e3o de cada cliente. Desta forma, sempre conseguimos chegar a uma defini\u00e7\u00e3o que seja boa para quem compra e para quem vende.<\/p>\n\n\n\n<blockquote class=\"wp-block-quote\"><p>&#8220;Parcerias s\u00e3o feitas para ambos os lados. Precisam ser. Caso contr\u00e1rio, n\u00e3o perduram&#8230;&#8221;<\/p><\/blockquote>\n\n\n\n<p>Entre em contato conosco e surpreenda-se com nossa forma de trabalho.<br>Temos certeza de que se n\u00e3o se transformar em um cliente, pelo menos sair\u00e1 satisfeito com o nosso suporte e aten\u00e7\u00e3o!<\/p>\n","protected":false},"excerpt":{"rendered":"<p>A C.S. Bandeira \u00e9 uma empresa de venda e instala\u00e7\u00e3o de c\u00e2meras de seguran\u00e7a e alarmes. Nosso foco \u00e9 simplificar ao m\u00e1ximo a rela\u00e7\u00e3o entre nossos clientes e as c\u00e2meras de seguran\u00e7a. Desta forma, eles podem n\u00e3o somente ter as imagens mas tamb\u00e9m saber como us\u00e1-las da melhor forma para aproveitar todo o potencial de [&hellip;]<\/p>\n","protected":false},"author":1,"featured_media":0,"parent":0,"menu_order":0,"comment_status":"closed","ping_status":"closed","template":"","meta":{"om_disable_all_campaigns":false,"_mi_skip_tracking":false},"aioseo_notices":[],"_links":{"self":[{"href":"https:\/\/flagsmind.com\/csbandeira\/index.php\/wp-json\/wp\/v2\/pages\/2"}],"collection":[{"href":"https:\/\/flagsmind.com\/csbandeira\/index.php\/wp-json\/wp\/v2\/pages"}],"about":[{"href":"https:\/\/flagsmind.com\/csbandeira\/index.php\/wp-json\/wp\/v2\/types\/page"}],"author":[{"embeddable":true,"href":"https:\/\/flagsmind.com\/csbandeira\/index.php\/wp-json\/wp\/v2\/users\/1"}],"replies":[{"embeddable":true,"href":"https:\/\/flagsmind.com\/csbandeira\/index.php\/wp-json\/wp\/v2\/comments?post=2"}],"version-history":[{"count":4,"href":"https:\/\/flagsmind.com\/csbandeira\/index.php\/wp-json\/wp\/v2\/pages\/2\/revisions"}],"predecessor-version":[{"id":88,"href":"https:\/\/flagsmind.com\/csbandeira\/index.php\/wp-json\/wp\/v2\/pages\/2\/revisions\/88"}],"wp:attachment":[{"href":"https:\/\/flagsmind.com\/csbandeira\/index.php\/wp-json\/wp\/v2\/media?parent=2"}],"curies":[{"name":"wp","href":"https:\/\/api.w.org\/{rel}","templated":true}]}}